{"id":69293,"date":"2018-11-30T12:30:43","date_gmt":"2018-11-30T10:30:43","guid":{"rendered":"http:\/\/silene.idilicstudio.com\/?page_id=69293"},"modified":"2025-03-20T17:00:30","modified_gmt":"2025-03-20T16:00:30","slug":"association","status":"publish","type":"page","link":"https:\/\/www.silene.ong\/fr\/association","title":{"rendered":"Association"},"content":{"rendered":"<h1>L&rsquo;association Silene<\/h1>\n<h2>Mission<\/h2>\n<p>Silene est une association \u00e0 but non lucratif \u00e9tablie en Catalogne, dont la mission est d&rsquo;\u00e9tudier, de diffuser et de promouvoir le patrimoine immat\u00e9riel (spirituel et culturel) et ses valeurs associ\u00e9es en relation avec la nature et sa conservation, en particulier dans les aires proteg\u00e9es.<\/p>\n<h2>Vision<\/h2>\n<p>Silene veut devenir une entit\u00e9 de r\u00e9f\u00e9rence dans la conservation des valeurs et des significations qui constituent le patrimoine spirituel et culturel immat\u00e9riel de la Nature, ainsi que dans son int\u00e9gration dans divers domaines de la conservation des esp\u00e8ces, des espaces, des paysages, etc. aussi bien que dans les strat\u00e9gies de d\u00e9veloppement de certaines organisations<\/p>\n<h2>Valeurs<\/h2>\n<p>Silene a une s\u00e9rie de valeurs qui r\u00e9gissent son positionnement et d\u00e9finissent les lignes directrices de son fonctionnement:<\/p>\n<p>L&rsquo;<strong>humilit\u00e9<\/strong> est l&rsquo;une des valeurs fondamentales qui ont motiv\u00e9 le choix du nom de l&rsquo;association: une fleur discr\u00e8te et humble qui pousse dans les endroits pierreux, souvent pr\u00e8s des routes, en surmontant les difficult\u00e9s pour montrer sa beaut\u00e9.<\/p>\n<p>La <strong>spiritualit\u00e9,<\/strong> consubstantielle \u00e0 l&rsquo;\u00eatre humain, \u00e0 travers laquelle nous r\u00e9alisons que nous faisons partie de Quelque chose qui nous transcende, qui nous relie a la r\u00e9alit\u00e9, \u00e0 tous les \u00eatres vivants, visibles et invisibles, nous propulsant vers la transcendance et la communion.<\/p>\n<p>La <strong>sobri\u00e9t\u00e9<\/strong> comprise comme l&rsquo;art de la mod\u00e9ration vitale, qui nous permet de jouir sainement, de mani\u00e8re f\u00e9conde, et qui nous relie dans une perspective de solidarit\u00e9 universelle avec l&rsquo;humanit\u00e9, la vie et le cosmos.<\/p>\n<p>Le contact profond avec la nature en tant que composante essentielle de notre bien-\u00eatre et de notre d\u00e9veloppement int\u00e9gral (physique, psychologique et spirituel), d&rsquo;o\u00f9 d\u00e9coule l&rsquo;option de la <strong>naturalit\u00e9<\/strong>.<\/p>\n<p>Reconna\u00eetre la <strong>nature en tant qu\u2019instructeur<\/strong>, qui nous parle toujours, parfois de mani\u00e8re claire et parfois subtile, lorsque nous avons l\u2019esprit r\u00e9ceptif, capables de lire les v\u00e9rit\u00e9s fondamentales dans leurs symboles et manifestations.<\/p>\n<p>La <strong>synergie<\/strong> \u00e0 agir chaque fois que nous le pouvons, en collaboration avec d\u2019autres entit\u00e9s ou personnes, en essayant de catalyser des changements dans la direction de notre vision, tout en promouvant des valeurs qui relient intimement l\u2019\u00eatre humain \u00e0 la nature.<\/p>\n<h2>Qui sont les membres de Silene?<\/h2>\n<p>L&rsquo;association Silene compte trois types de membres: actifs, collaborateurs et sponsors. Les membres actifs, qui constituent le groupe de travail actuel, sont les suivants:<\/p>\n<p>&nbsp;<\/p>\n<p><img loading=\"lazy\" decoding=\"async\" class=\"alignleft wp-image-74116\" src=\"https:\/\/www.silene.ong\/wp-content\/uploads\/2019\/02\/JM-Mallarach-2017-420x467.jpg\" alt=\"\" width=\"205\" height=\"228\" srcset=\"https:\/\/www.silene.ong\/wp-content\/uploads\/2019\/02\/JM-Mallarach-2017-420x467.jpg 420w, https:\/\/www.silene.ong\/wp-content\/uploads\/2019\/02\/JM-Mallarach-2017-768x854.jpg 768w, https:\/\/www.silene.ong\/wp-content\/uploads\/2019\/02\/JM-Mallarach-2017-629x700.jpg 629w, https:\/\/www.silene.ong\/wp-content\/uploads\/2019\/02\/JM-Mallarach-2017.jpg 848w\" sizes=\"auto, (max-width: 205px) 100vw, 205px\" \/><\/p>\n<p><strong>Josep Maria Mallarach<\/strong>, coordinateur, avec Thymio Papayannis, de <a href=\"http:\/\/www.med-ina.org\/delos\/\" target=\"_blank\" rel=\"noopener\">l\u2019Initiative D\u00e9los<\/a>, ax\u00e9e sur les sites naturels sacr\u00e9s des pays technologiquement d\u00e9velopp\u00e9s. Il est membre de la Commission mondiale des aires prot\u00e9g\u00e9es de l&rsquo;UICN et du Comit\u00e9 directeur du <a href=\"https:\/\/csvpa.org\/\" target=\"_blank\" rel=\"noopener\">Groupe de sp\u00e9cialistes sur les valeurs culturelles et spirituelles des aires prot\u00e9g\u00e9es.<\/a> Il a dirig\u00e9 un cours de sur les sens et les valeurs spirituels de la nature \u00e0 l&rsquo;Universit\u00e9 de G\u00e9rone, pendant sis ann\u00e9es, et enseigne dans d&rsquo;autres universit\u00e9s espagnoles. Auteur et \u00e9diteur de nombreux libres et articles. Il est titulaire d&rsquo;une ma\u00eetrise en sciences de l&rsquo;environnement et d&rsquo;un doctorat en biologie de l&rsquo;environnement.<\/p>\n<p>&nbsp;<\/p>\n<p>&nbsp;<\/p>\n<p>&nbsp;<\/p>\n<p><strong><img loading=\"lazy\" decoding=\"async\" class=\"wp-image-113516 alignleft\" src=\"https:\/\/www.silene.ong\/wp-content\/uploads\/2022\/07\/2022-07-23-16-52-59-526-1-467x467.jpg\" alt=\"\" width=\"212\" height=\"212\" srcset=\"https:\/\/www.silene.ong\/wp-content\/uploads\/2022\/07\/2022-07-23-16-52-59-526-1-467x467.jpg 467w, https:\/\/www.silene.ong\/wp-content\/uploads\/2022\/07\/2022-07-23-16-52-59-526-1-701x700.jpg 701w, https:\/\/www.silene.ong\/wp-content\/uploads\/2022\/07\/2022-07-23-16-52-59-526-1-768x767.jpg 768w, https:\/\/www.silene.ong\/wp-content\/uploads\/2022\/07\/2022-07-23-16-52-59-526-1.jpg 948w\" sizes=\"auto, (max-width: 212px) 100vw, 212px\" \/>Xavier Perarnau<\/strong> &#8211; Il a \u00e9tudi\u00e9 l&rsquo;anthropologie et la philosophie, et le Cours de troisi\u00e8me cycle sur le Sens et les valeurs spirituelles de la Nature. Amoureux des arts et de la montagne, il approfondit et valorise les connaissances et les activit\u00e9s de la triade Nature, Art et Spiritualit\u00e9 en r\u00e9sonance avec la conception de l&rsquo;\u00e9cosophie ou \u00e9cologie spirituelle. Il promeut l&rsquo;initiative <em>Esperit de Cura<\/em>.<\/p>\n<p>&nbsp;<\/p>\n<p>&nbsp;<\/p>\n<p>&nbsp;<\/p>\n<p><img loading=\"lazy\" decoding=\"async\" class=\"wp-image-115056 size-full alignleft\" src=\"https:\/\/www.silene.ong\/wp-content\/uploads\/2022\/11\/Mariona2.jpg\" alt=\"\" width=\"209\" height=\"209\" \/><\/p>\n<p><strong>Mariona Aragay<\/strong> &#8211; Philologue classique form\u00e9 \u00e0 la gestion et \u00e0 la communication culturelles, avec plus de quinze ans d&rsquo;exp\u00e9rience dans les secteurs culturel, artistique, social et \u00e9ducatif. Elle est \u00e9galement guide des bains de for\u00eat et dipl\u00f4m\u00e9e en significations spirituelles et valeurs de la nature, int\u00e9ress\u00e9e \u00e0 r\u00e9\u00e9quilibrer la relation et le lien entre les gens et la nature.<\/p>\n<p>&nbsp;<\/p>\n<p>&nbsp;<\/p>\n<p>&nbsp;<\/p>\n<p><img loading=\"lazy\" decoding=\"async\" class=\" wp-image-90968 alignleft\" src=\"https:\/\/www.silene.ong\/wp-content\/uploads\/2019\/11\/francescbellaubi.jpg\" alt=\"\" width=\"212\" height=\"212\" \/><\/p>\n<p><b>Francesc Bellaub\u00ed, <\/b>bas\u00e9e \u00e0 Berlin. Depuis plus de vingt ans, il a fourni une assistance technique \u00e0 des organisations de d\u00e9veloppement et des agences internationales, des ONG et des instituts de recherche de diff\u00e9rents pays des Am\u00e9riques, d&rsquo;Afrique et d&rsquo;Asie-Pacifique dans la gestion des ressources naturelles. Apr\u00e8s avoir obtenu son doctorat en sciences naturelles, il s&rsquo;est consacr\u00e9 \u00e0 la recherche sur la g\u00e9o\u00e9thique et l&rsquo;int\u00e9grit\u00e9 ainsi que sur l&rsquo;activisme spirituel.<\/p>\n<p>&nbsp;<\/p>\n<p>&nbsp;<\/p>\n<p>&nbsp;<\/p>\n<p><strong><img loading=\"lazy\" decoding=\"async\" class=\"wp-image-108785 alignleft\" src=\"https:\/\/www.silene.ong\/wp-content\/uploads\/2021\/10\/foto-Marcel\u00b7li-Silene-2-440x467.jpg\" alt=\"\" width=\"196\" height=\"208\" srcset=\"https:\/\/www.silene.ong\/wp-content\/uploads\/2021\/10\/foto-Marcel\u00b7li-Silene-2-440x467.jpg 440w, https:\/\/www.silene.ong\/wp-content\/uploads\/2021\/10\/foto-Marcel\u00b7li-Silene-2-660x700.jpg 660w, https:\/\/www.silene.ong\/wp-content\/uploads\/2021\/10\/foto-Marcel\u00b7li-Silene-2-768x814.jpg 768w, https:\/\/www.silene.ong\/wp-content\/uploads\/2021\/10\/foto-Marcel\u00b7li-Silene-2.jpg 1338w\" sizes=\"auto, (max-width: 196px) 100vw, 196px\" \/>Marcel\u00b7l\u00ed Mora<\/strong>. Enseignant au secondaire pendant vingt-cinq ans, il est actuellement engag\u00e9 dans l&rsquo;\u00e9criture dans le cadre de projets litt\u00e9raires et p\u00e9dagogiques en \u00e9ducation \u00e0 l&rsquo;environnement, aux \u00e9motions et aux valeurs. Il a publi\u00e9 le roman <a href=\"https:\/\/www.pageseditors.cat\/ca\/floriran-roselles.html\" target=\"_blank\" rel=\"noopener\"><em>Floriran roselles<\/em><\/a> et les nouvelles <em>El cant del Feng<\/em> i <em>Bombolleta<\/em>. Il am\u00e9nage <em>L&rsquo;hort del Miquel<\/em>, un espace-jardin pour la promenade contemplative \u00e0 Penelles (Catalogne). Il est titulaire d&rsquo;une licence en philosophie, d&rsquo;un dipl\u00f4me en th\u00e9ologie et d&rsquo;un dipl\u00f4me en psychologie. Il est titulaire d&rsquo;un dipl\u00f4me de troisi\u00e8me cycle en Sens et valeurs spirituelles de la nature.<\/p>\n<p>&nbsp;<\/p>\n<p>&nbsp;<\/p>\n<p><img loading=\"lazy\" decoding=\"async\" class=\"wp-image-74733 alignleft\" src=\"https:\/\/www.silene.ong\/wp-content\/uploads\/2019\/02\/laia_montsant-3.jpg\" alt=\"\" width=\"209\" height=\"209\" \/><\/p>\n<p><strong>Laia Llongueres,<\/strong> Responsable de la conception et coordination du site web de Silene. <span class=\"tlid-translation translation\" lang=\"fr\"><span title=\"\">Collabore \u00e0 faciliter l&rsquo;int\u00e9gration de contenu \u00e0 travers le langage symbolique des arts, combinant recherche et p\u00e9dagogie \u00e0 travers des ateliers nature. <\/span><span title=\"\">Elle est guide des for\u00eats th\u00e9rapeutiques par l&rsquo;Association S\u00e8lvans, p<\/span><span class=\"\" title=\"\">rofesseur de troisi\u00e8me cycle: <a href=\"https:\/\/www.fundacioudg.org\/ca\/curs-especialitzacio-guiatge-boscos-terapeutics-certificacio-guia-bosc-terapeutic-selvans.html\" target=\"_blank\" rel=\"noopener\">Formation de guides dans les for\u00eats th\u00e9rapeutiques<\/a> \u00e0 l&rsquo;<\/span><em>Universitat de Girona<\/em> et c<span class=\"\" title=\"\">oordinatrice du Cycle d&rsquo;Int\u00e9riorit\u00e9 Sacr\u00e9e, Mysticisme \u00e0 travers diff\u00e9rentes Traditions spirituelles.<\/span><\/span><\/p>\n<p>&nbsp;<\/p>\n<p>&nbsp;<\/p>\n<p>&nbsp;<\/p>\n<p><img loading=\"lazy\" decoding=\"async\" class=\"wp-image-97602 size-full alignleft\" src=\"https:\/\/www.silene.ong\/wp-content\/uploads\/2020\/04\/estarelles.jpeg\" alt=\"\" width=\"200\" height=\"200\" \/><b>Jaume Estarellas<\/b> &#8211; Biologiste environnemental. Dans le cadre de <a href=\"http:\/\/www.med-ina.org\/delos\/\" target=\"_blank\" rel=\"noopener\">l&rsquo;Initiative Delos d&rsquo;UICN<\/a>, il a particip\u00e9 \u00e0 l&rsquo;\u00e9laboration d&rsquo;\u00e9tudes de cas du parc national de Do\u00f1ana (Andalousie) et du parc naturel de Montsant (Catalogne). Contributeur<a href=\"http:\/\/www.redeuroparc.org\/system\/files\/shared\/manual10.pdf\" target=\"_blank\" rel=\"noopener\"> au guide pour l&rsquo;int\u00e9gration des valeurs culturelles et spirituelles dans les aires prot\u00e9g\u00e9s,<\/a> publi\u00e9 par Silene et Europarc-Espagne (2012). Il travaille en tant que technicien pour le Conseil de l&rsquo;\u00eele d&rsquo;Ibiza, aux \u00eeles Bal\u00e9ares (Espagne) dans la gestion et la protection de la biodiversit\u00e9 et l&rsquo;environnement.<\/p>\n<p>&nbsp;<\/p>\n<p>&nbsp;<\/p>\n<p><strong>\u00a0<\/strong><\/p>\n","protected":false},"excerpt":{"rendered":"<p>L&rsquo;association Silene Mission Silene est une association \u00e0 but non lucratif \u00e9tablie en Catalogne, dont la mission est&#8230;<\/p>\n","protected":false},"author":21,"featured_media":68775,"parent":0,"menu_order":0,"comment_status":"closed","ping_status":"closed","template":"","meta":{"_acf_changed":false,"footnotes":""},"class_list":["post-69293","page","type-page","status-publish","has-post-thumbnail","hentry","has-post-title","has-post-date","has-post-category","has-post-tag","has-post-comment","has-post-author",""],"acf":[],"_links":{"self":[{"href":"https:\/\/www.silene.ong\/fr\/wp-json\/wp\/v2\/pages\/69293","targetHints":{"allow":["GET"]}}],"collection":[{"href":"https:\/\/www.silene.ong\/fr\/wp-json\/wp\/v2\/pages"}],"about":[{"href":"https:\/\/www.silene.ong\/fr\/wp-json\/wp\/v2\/types\/page"}],"author":[{"embeddable":true,"href":"https:\/\/www.silene.ong\/fr\/wp-json\/wp\/v2\/users\/21"}],"replies":[{"embeddable":true,"href":"https:\/\/www.silene.ong\/fr\/wp-json\/wp\/v2\/comments?post=69293"}],"version-history":[{"count":75,"href":"https:\/\/www.silene.ong\/fr\/wp-json\/wp\/v2\/pages\/69293\/revisions"}],"predecessor-version":[{"id":126664,"href":"https:\/\/www.silene.ong\/fr\/wp-json\/wp\/v2\/pages\/69293\/revisions\/126664"}],"wp:featuredmedia":[{"embeddable":true,"href":"https:\/\/www.silene.ong\/fr\/wp-json\/wp\/v2\/media\/68775"}],"wp:attachment":[{"href":"https:\/\/www.silene.ong\/fr\/wp-json\/wp\/v2\/media?parent=69293"}],"curies":[{"name":"wp","href":"https:\/\/api.w.org\/{rel}","templated":true}]}}

<h1>L&rsquo;association Silene</h1>
<h2>Mission</h2>
<p>Silene est une association à but non lucratif établie en Catalogne, dont la mission est d&rsquo;étudier, de diffuser et de promouvoir le patrimoine immatériel (spirituel et culturel) et ses valeurs associées en relation avec la nature et sa conservation, en particulier dans les aires protegées.</p>
<h2>Vision</h2>
<p>Silene veut devenir une entité de référence dans la conservation des valeurs et des significations qui constituent le patrimoine spirituel et culturel immatériel de la Nature, ainsi que dans son intégration dans divers domaines de la conservation des espèces, des espaces, des paysages, etc. aussi bien que dans les stratégies de développement de certaines organisations</p>
<h2>Valeurs</h2>
<p>Silene a une série de valeurs qui régissent son positionnement et définissent les lignes directrices de son fonctionnement:</p>
<p>L&rsquo;<strong>humilité</strong> est l&rsquo;une des valeurs fondamentales qui ont motivé le choix du nom de l&rsquo;association: une fleur discrète et humble qui pousse dans les endroits pierreux, souvent près des routes, en surmontant les difficultés pour montrer sa beauté.</p>
<p>La <strong>spiritualité,</strong> consubstantielle à l&rsquo;être humain, à travers laquelle nous réalisons que nous faisons partie de Quelque chose qui nous transcende, qui nous relie a la réalité, à tous les êtres vivants, visibles et invisibles, nous propulsant vers la transcendance et la communion.</p>
<p>La <strong>sobriété</strong> comprise comme l&rsquo;art de la modération vitale, qui nous permet de jouir sainement, de manière féconde, et qui nous relie dans une perspective de solidarité universelle avec l&rsquo;humanité, la vie et le cosmos.</p>
<p>Le contact profond avec la nature en tant que composante essentielle de notre bien-être et de notre développement intégral (physique, psychologique et spirituel), d&rsquo;où découle l&rsquo;option de la <strong>naturalité</strong>.</p>
<p>Reconnaître la <strong>nature en tant qu’instructeur</strong>, qui nous parle toujours, parfois de manière claire et parfois subtile, lorsque nous avons l’esprit réceptif, capables de lire les vérités fondamentales dans leurs symboles et manifestations.</p>
<p>La <strong>synergie</strong> à agir chaque fois que nous le pouvons, en collaboration avec d’autres entités ou personnes, en essayant de catalyser des changements dans la direction de notre vision, tout en promouvant des valeurs qui relient intimement l’être humain à la nature.</p>
<h2>Qui sont les membres de Silene?</h2>
<p>L&rsquo;association Silene compte trois types de membres: actifs, collaborateurs et sponsors. Les membres actifs, qui constituent le groupe de travail actuel, sont les suivants:</p>
<p>&nbsp;</p>
<p><img loading="lazy" decoding="async" class="alignleft wp-image-74116" src="https://www.silene.ong/wp-content/uploads/2019/02/JM-Mallarach-2017-420x467.jpg" alt="" width="205" height="228" srcset="https://www.silene.ong/wp-content/uploads/2019/02/JM-Mallarach-2017-420x467.jpg 420w, https://www.silene.ong/wp-content/uploads/2019/02/JM-Mallarach-2017-768x854.jpg 768w, https://www.silene.ong/wp-content/uploads/2019/02/JM-Mallarach-2017-629x700.jpg 629w, https://www.silene.ong/wp-content/uploads/2019/02/JM-Mallarach-2017.jpg 848w" sizes="auto, (max-width: 205px) 100vw, 205px" /></p>
<p><strong>Josep Maria Mallarach</strong>, coordinateur, avec Thymio Papayannis, de <a href="http://www.med-ina.org/delos/" target="_blank" rel="noopener">l’Initiative Délos</a>, axée sur les sites naturels sacrés des pays technologiquement développés. Il est membre de la Commission mondiale des aires protégées de l&rsquo;UICN et du Comité directeur du <a href="https://csvpa.org/" target="_blank" rel="noopener">Groupe de spécialistes sur les valeurs culturelles et spirituelles des aires protégées.</a> Il a dirigé un cours de sur les sens et les valeurs spirituels de la nature à l&rsquo;Université de Gérone, pendant sis années, et enseigne dans d&rsquo;autres universités espagnoles. Auteur et éditeur de nombreux libres et articles. Il est titulaire d&rsquo;une maîtrise en sciences de l&rsquo;environnement et d&rsquo;un doctorat en biologie de l&rsquo;environnement.</p>
<p>&nbsp;</p>
<p>&nbsp;</p>
<p>&nbsp;</p>
<p><strong><img loading="lazy" decoding="async" class="wp-image-113516 alignleft" src="https://www.silene.ong/wp-content/uploads/2022/07/2022-07-23-16-52-59-526-1-467x467.jpg" alt="" width="212" height="212" srcset="https://www.silene.ong/wp-content/uploads/2022/07/2022-07-23-16-52-59-526-1-467x467.jpg 467w, https://www.silene.ong/wp-content/uploads/2022/07/2022-07-23-16-52-59-526-1-701x700.jpg 701w, https://www.silene.ong/wp-content/uploads/2022/07/2022-07-23-16-52-59-526-1-768x767.jpg 768w, https://www.silene.ong/wp-content/uploads/2022/07/2022-07-23-16-52-59-526-1.jpg 948w" sizes="auto, (max-width: 212px) 100vw, 212px" />Xavier Perarnau</strong> &#8211; Il a étudié l&rsquo;anthropologie et la philosophie, et le Cours de troisième cycle sur le Sens et les valeurs spirituelles de la Nature. Amoureux des arts et de la montagne, il approfondit et valorise les connaissances et les activités de la triade Nature, Art et Spiritualité en résonance avec la conception de l&rsquo;écosophie ou écologie spirituelle. Il promeut l&rsquo;initiative <em>Esperit de Cura</em>.</p>
<p>&nbsp;</p>
<p>&nbsp;</p>
<p>&nbsp;</p>
<p><img loading="lazy" decoding="async" class="wp-image-115056 size-full alignleft" src="https://www.silene.ong/wp-content/uploads/2022/11/Mariona2.jpg" alt="" width="209" height="209" /></p>
<p><strong>Mariona Aragay</strong> &#8211; Philologue classique formé à la gestion et à la communication culturelles, avec plus de quinze ans d&rsquo;expérience dans les secteurs culturel, artistique, social et éducatif. Elle est également guide des bains de forêt et diplômée en significations spirituelles et valeurs de la nature, intéressée à rééquilibrer la relation et le lien entre les gens et la nature.</p>
<p>&nbsp;</p>
<p>&nbsp;</p>
<p>&nbsp;</p>
<p><img loading="lazy" decoding="async" class=" wp-image-90968 alignleft" src="https://www.silene.ong/wp-content/uploads/2019/11/francescbellaubi.jpg" alt="" width="212" height="212" /></p>
<p><b>Francesc Bellaubí, </b>basée à Berlin. Depuis plus de vingt ans, il a fourni une assistance technique à des organisations de développement et des agences internationales, des ONG et des instituts de recherche de différents pays des Amériques, d&rsquo;Afrique et d&rsquo;Asie-Pacifique dans la gestion des ressources naturelles. Après avoir obtenu son doctorat en sciences naturelles, il s&rsquo;est consacré à la recherche sur la géoéthique et l&rsquo;intégrité ainsi que sur l&rsquo;activisme spirituel.</p>
<p>&nbsp;</p>
<p>&nbsp;</p>
<p>&nbsp;</p>
<p><strong><img loading="lazy" decoding="async" class="wp-image-108785 alignleft" src="https://www.silene.ong/wp-content/uploads/2021/10/foto-Marcel·li-Silene-2-440x467.jpg" alt="" width="196" height="208" srcset="https://www.silene.ong/wp-content/uploads/2021/10/foto-Marcel·li-Silene-2-440x467.jpg 440w, https://www.silene.ong/wp-content/uploads/2021/10/foto-Marcel·li-Silene-2-660x700.jpg 660w, https://www.silene.ong/wp-content/uploads/2021/10/foto-Marcel·li-Silene-2-768x814.jpg 768w, https://www.silene.ong/wp-content/uploads/2021/10/foto-Marcel·li-Silene-2.jpg 1338w" sizes="auto, (max-width: 196px) 100vw, 196px" />Marcel·lí Mora</strong>. Enseignant au secondaire pendant vingt-cinq ans, il est actuellement engagé dans l&rsquo;écriture dans le cadre de projets littéraires et pédagogiques en éducation à l&rsquo;environnement, aux émotions et aux valeurs. Il a publié le roman <a href="https://www.pageseditors.cat/ca/floriran-roselles.html" target="_blank" rel="noopener"><em>Floriran roselles</em></a> et les nouvelles <em>El cant del Feng</em> i <em>Bombolleta</em>. Il aménage <em>L&rsquo;hort del Miquel</em>, un espace-jardin pour la promenade contemplative à Penelles (Catalogne). Il est titulaire d&rsquo;une licence en philosophie, d&rsquo;un diplôme en théologie et d&rsquo;un diplôme en psychologie. Il est titulaire d&rsquo;un diplôme de troisième cycle en Sens et valeurs spirituelles de la nature.</p>
<p>&nbsp;</p>
<p>&nbsp;</p>
<p><img loading="lazy" decoding="async" class="wp-image-74733 alignleft" src="https://www.silene.ong/wp-content/uploads/2019/02/laia_montsant-3.jpg" alt="" width="209" height="209" /></p>
<p><strong>Laia Llongueres,</strong> Responsable de la conception et coordination du site web de Silene. <span class="tlid-translation translation" lang="fr"><span title="">Collabore à faciliter l&rsquo;intégration de contenu à travers le langage symbolique des arts, combinant recherche et pédagogie à travers des ateliers nature. </span><span title="">Elle est guide des forêts thérapeutiques par l&rsquo;Association Sèlvans, p</span><span class="" title="">rofesseur de troisième cycle: <a href="https://www.fundacioudg.org/ca/curs-especialitzacio-guiatge-boscos-terapeutics-certificacio-guia-bosc-terapeutic-selvans.html" target="_blank" rel="noopener">Formation de guides dans les forêts thérapeutiques</a> à l&rsquo;</span><em>Universitat de Girona</em> et c<span class="" title="">oordinatrice du Cycle d&rsquo;Intériorité Sacrée, Mysticisme à travers différentes Traditions spirituelles.</span></span></p>
<p>&nbsp;</p>
<p>&nbsp;</p>
<p>&nbsp;</p>
<p><img loading="lazy" decoding="async" class="wp-image-97602 size-full alignleft" src="https://www.silene.ong/wp-content/uploads/2020/04/estarelles.jpeg" alt="" width="200" height="200" /><b>Jaume Estarellas</b> &#8211; Biologiste environnemental. Dans le cadre de <a href="http://www.med-ina.org/delos/" target="_blank" rel="noopener">l&rsquo;Initiative Delos d&rsquo;UICN</a>, il a participé à l&rsquo;élaboration d&rsquo;études de cas du parc national de Doñana (Andalousie) et du parc naturel de Montsant (Catalogne). Contributeur<a href="http://www.redeuroparc.org/system/files/shared/manual10.pdf" target="_blank" rel="noopener"> au guide pour l&rsquo;intégration des valeurs culturelles et spirituelles dans les aires protégés,</a> publié par Silene et Europarc-Espagne (2012). Il travaille en tant que technicien pour le Conseil de l&rsquo;île d&rsquo;Ibiza, aux îles Baléares (Espagne) dans la gestion et la protection de la biodiversité et l&rsquo;environnement.</p>
<p>&nbsp;</p>
<p>&nbsp;</p>
<p><strong> </strong></p>

<p>L&rsquo;association Silene Mission Silene est une association à but non lucratif établie en Catalogne, dont la mission est&#8230;</p>
